{"id":20,"date":"2022-03-15T19:19:01","date_gmt":"2022-03-15T18:19:01","guid":{"rendered":"https:\/\/www.funkraupe-stubai.at\/?page_id=20"},"modified":"2022-03-16T08:58:57","modified_gmt":"2022-03-16T07:58:57","slug":"funkraupe-stubai","status":"publish","type":"page","link":"https:\/\/www.funkraupe-stubai.at\/","title":{"rendered":"Funkraupe Stubai"},"content":{"rendered":"\n<p class=\"has-medium-font-size\"><strong>Wir bieten<\/strong><\/p>\n\n\n\n<ul class=\"wp-block-list\"><li>Mulcharbeiten<\/li><li>Wurzelstockfr\u00e4sen<\/li><li>Forstarbeiten<\/li><li>Gr\u00fcnraumpflege<\/li><li>Almpflege<\/li><\/ul>\n\n\n\n<p class=\"has-medium-font-size\"><strong>Einsatzgebiete<\/strong><\/p>\n\n\n\n<p>Mit unserer Funkraupe ist es m\u00f6glich Hangneigungen bis zu 60 Grad zu befahren!<br>Egal ob Stra\u00dfenb\u00f6schungen, R\u00fcckhaltebecken, Baugrundst\u00fccke, usw\u2026<\/p>\n\n\n\n<p><\/p>\n\n\n\n<p class=\"has-medium-font-size\"><strong>Fotos:<\/strong><\/p>\n\n\n<style type=\"text\/css\">\n#foogallery-gallery-105 .fg-image { width: 150px; }\n#foogallery-gallery-105 { --fg-gutter: 10px; }<\/style>\n\t\t\t<div class=\"foogallery foogallery-container foogallery-default foogallery-lightbox-foobox fg-center fg-default fg-ready fg-light fg-border-thin fg-shadow-outline fg-loading-default fg-loaded-fade-in fg-caption-hover fg-hover-fade fg-hover-zoom\" id=\"foogallery-gallery-105\" data-foogallery=\"{&quot;item&quot;:{&quot;showCaptionTitle&quot;:true,&quot;showCaptionDescription&quot;:true},&quot;lazy&quot;:true}\" style=\"--fg-title-line-clamp: 0; --fg-description-line-clamp: 0;\" >\n\t<div class=\"fg-item fg-type-image fg-idle\"><figure class=\"fg-item-inner\"><a href=\"https:\/\/www.funkraupe-stubai.at\/wp-content\/uploads\/2022\/03\/Funkraupe2.jpeg\" data-attachment-id=\"45\" data-type=\"image\" class=\"fg-thumb\"><span class=\"fg-image-wrap\"><img decoding=\"async\" width=\"150\" height=\"150\" class=\"skip-lazy fg-image\" data-src-fg=\"https:\/\/www.funkraupe-stubai.at\/wp-content\/uploads\/cache\/2022\/03\/Funkraupe2\/1304542174.jpeg\" src=\"data:image\/svg+xml,%3Csvg%20xmlns%3D%22http%3A%2F%2Fwww.w3.org%2F2000%2Fsvg%22%20width%3D%22150%22%20height%3D%22150%22%20viewBox%3D%220%200%20150%20150%22%3E%3C%2Fsvg%3E\" loading=\"eager\"><\/span><span class=\"fg-image-overlay\"><\/span><\/a><\/figure><div class=\"fg-loader\"><\/div><\/div><div class=\"fg-item fg-type-image fg-idle\"><figure class=\"fg-item-inner\"><a href=\"https:\/\/www.funkraupe-stubai.at\/wp-content\/uploads\/2022\/03\/Funkraupe5.jpeg\" data-attachment-id=\"46\" data-type=\"image\" class=\"fg-thumb\"><span class=\"fg-image-wrap\"><img decoding=\"async\" width=\"150\" height=\"150\" class=\"skip-lazy fg-image\" data-src-fg=\"https:\/\/www.funkraupe-stubai.at\/wp-content\/uploads\/cache\/2022\/03\/Funkraupe5\/56310328.jpeg\" src=\"data:image\/svg+xml,%3Csvg%20xmlns%3D%22http%3A%2F%2Fwww.w3.org%2F2000%2Fsvg%22%20width%3D%22150%22%20height%3D%22150%22%20viewBox%3D%220%200%20150%20150%22%3E%3C%2Fsvg%3E\" loading=\"eager\"><\/span><span class=\"fg-image-overlay\"><\/span><\/a><\/figure><div class=\"fg-loader\"><\/div><\/div><div class=\"fg-item fg-type-image fg-idle\"><figure class=\"fg-item-inner\"><a href=\"https:\/\/www.funkraupe-stubai.at\/wp-content\/uploads\/2022\/03\/Funkraupe8.jpeg\" data-attachment-id=\"47\" data-type=\"image\" class=\"fg-thumb\"><span class=\"fg-image-wrap\"><img decoding=\"async\" width=\"150\" height=\"150\" class=\"skip-lazy fg-image\" data-src-fg=\"https:\/\/www.funkraupe-stubai.at\/wp-content\/uploads\/cache\/2022\/03\/Funkraupe8\/3955066506.jpeg\" src=\"data:image\/svg+xml,%3Csvg%20xmlns%3D%22http%3A%2F%2Fwww.w3.org%2F2000%2Fsvg%22%20width%3D%22150%22%20height%3D%22150%22%20viewBox%3D%220%200%20150%20150%22%3E%3C%2Fsvg%3E\" loading=\"eager\"><\/span><span class=\"fg-image-overlay\"><\/span><\/a><\/figure><div class=\"fg-loader\"><\/div><\/div><div class=\"fg-item fg-type-image fg-idle\"><figure class=\"fg-item-inner\"><a href=\"https:\/\/www.funkraupe-stubai.at\/wp-content\/uploads\/2022\/03\/Funkraupe1.jpeg\" data-attachment-id=\"40\" data-type=\"image\" class=\"fg-thumb\"><span class=\"fg-image-wrap\"><img decoding=\"async\" width=\"150\" height=\"150\" class=\"skip-lazy fg-image\" data-src-fg=\"https:\/\/www.funkraupe-stubai.at\/wp-content\/uploads\/cache\/2022\/03\/Funkraupe1\/188789610.jpeg\" src=\"data:image\/svg+xml,%3Csvg%20xmlns%3D%22http%3A%2F%2Fwww.w3.org%2F2000%2Fsvg%22%20width%3D%22150%22%20height%3D%22150%22%20viewBox%3D%220%200%20150%20150%22%3E%3C%2Fsvg%3E\" loading=\"eager\"><\/span><span class=\"fg-image-overlay\"><\/span><\/a><\/figure><div class=\"fg-loader\"><\/div><\/div><div class=\"fg-item fg-type-image fg-idle\"><figure class=\"fg-item-inner\"><a href=\"https:\/\/www.funkraupe-stubai.at\/wp-content\/uploads\/2022\/03\/Funkraupe3.jpeg\" data-attachment-id=\"41\" data-type=\"image\" class=\"fg-thumb\"><span class=\"fg-image-wrap\"><img decoding=\"async\" width=\"150\" height=\"150\" class=\"skip-lazy fg-image\" data-src-fg=\"https:\/\/www.funkraupe-stubai.at\/wp-content\/uploads\/cache\/2022\/03\/Funkraupe3\/1008713737.jpeg\" src=\"data:image\/svg+xml,%3Csvg%20xmlns%3D%22http%3A%2F%2Fwww.w3.org%2F2000%2Fsvg%22%20width%3D%22150%22%20height%3D%22150%22%20viewBox%3D%220%200%20150%20150%22%3E%3C%2Fsvg%3E\" loading=\"eager\"><\/span><span class=\"fg-image-overlay\"><\/span><\/a><\/figure><div class=\"fg-loader\"><\/div><\/div><div class=\"fg-item fg-type-image fg-idle\"><figure class=\"fg-item-inner\"><a href=\"https:\/\/www.funkraupe-stubai.at\/wp-content\/uploads\/2022\/03\/Funkraupe6.jpeg\" data-attachment-id=\"42\" data-type=\"image\" class=\"fg-thumb\"><span class=\"fg-image-wrap\"><img decoding=\"async\" width=\"150\" height=\"150\" class=\"skip-lazy fg-image\" data-src-fg=\"https:\/\/www.funkraupe-stubai.at\/wp-content\/uploads\/cache\/2022\/03\/Funkraupe6\/1551067497.jpeg\" src=\"data:image\/svg+xml,%3Csvg%20xmlns%3D%22http%3A%2F%2Fwww.w3.org%2F2000%2Fsvg%22%20width%3D%22150%22%20height%3D%22150%22%20viewBox%3D%220%200%20150%20150%22%3E%3C%2Fsvg%3E\" loading=\"eager\"><\/span><span class=\"fg-image-overlay\"><\/span><\/a><\/figure><div class=\"fg-loader\"><\/div><\/div><div class=\"fg-item fg-type-image fg-idle\"><figure class=\"fg-item-inner\"><a href=\"https:\/\/www.funkraupe-stubai.at\/wp-content\/uploads\/2022\/03\/Funkraupe7.jpeg\" data-attachment-id=\"43\" data-type=\"image\" class=\"fg-thumb\"><span class=\"fg-image-wrap\"><img decoding=\"async\" width=\"150\" height=\"150\" class=\"skip-lazy fg-image\" data-src-fg=\"https:\/\/www.funkraupe-stubai.at\/wp-content\/uploads\/cache\/2022\/03\/Funkraupe7\/1386292943.jpeg\" src=\"data:image\/svg+xml,%3Csvg%20xmlns%3D%22http%3A%2F%2Fwww.w3.org%2F2000%2Fsvg%22%20width%3D%22150%22%20height%3D%22150%22%20viewBox%3D%220%200%20150%20150%22%3E%3C%2Fsvg%3E\" loading=\"eager\"><\/span><span class=\"fg-image-overlay\"><\/span><\/a><\/figure><div class=\"fg-loader\"><\/div><\/div><div class=\"fg-item fg-type-image fg-idle\"><figure class=\"fg-item-inner\"><a href=\"https:\/\/www.funkraupe-stubai.at\/wp-content\/uploads\/2022\/03\/Funkraupe4.jpeg\" data-attachment-id=\"44\" data-type=\"image\" class=\"fg-thumb\"><span class=\"fg-image-wrap\"><img decoding=\"async\" width=\"150\" height=\"150\" class=\"skip-lazy fg-image\" data-src-fg=\"https:\/\/www.funkraupe-stubai.at\/wp-content\/uploads\/cache\/2022\/03\/Funkraupe4\/661821873.jpeg\" src=\"data:image\/svg+xml,%3Csvg%20xmlns%3D%22http%3A%2F%2Fwww.w3.org%2F2000%2Fsvg%22%20width%3D%22150%22%20height%3D%22150%22%20viewBox%3D%220%200%20150%20150%22%3E%3C%2Fsvg%3E\" loading=\"eager\"><\/span><span class=\"fg-image-overlay\"><\/span><\/a><\/figure><div class=\"fg-loader\"><\/div><\/div><\/div>\n","protected":false},"excerpt":{"rendered":"<p>Wir bieten Mulcharbeiten Wurzelstockfr\u00e4sen Forstarbeiten Gr\u00fcnraumpflege Almpflege Einsatzgebiete Mit unserer Funkraupe ist es m\u00f6glich Hangneigungen bis zu 60 Grad zu befahren!Egal ob Stra\u00dfenb\u00f6schungen, R\u00fcckhaltebecken, Baugrundst\u00fccke, usw\u2026 Fotos:<\/p>\n","protected":false},"author":1,"featured_media":0,"parent":0,"menu_order":0,"comment_status":"closed","ping_status":"closed","template":"","meta":{"footnotes":""},"class_list":["post-20","page","type-page","status-publish","hentry"],"aioseo_notices":[],"_links":{"self":[{"href":"https:\/\/www.funkraupe-stubai.at\/index.php?rest_route=\/wp\/v2\/pages\/20","targetHints":{"allow":["GET"]}}],"collection":[{"href":"https:\/\/www.funkraupe-stubai.at\/index.php?rest_route=\/wp\/v2\/pages"}],"about":[{"href":"https:\/\/www.funkraupe-stubai.at\/index.php?rest_route=\/wp\/v2\/types\/page"}],"author":[{"embeddable":true,"href":"https:\/\/www.funkraupe-stubai.at\/index.php?rest_route=\/wp\/v2\/users\/1"}],"replies":[{"embeddable":true,"href":"https:\/\/www.funkraupe-stubai.at\/index.php?rest_route=%2Fwp%2Fv2%2Fcomments&post=20"}],"version-history":[{"count":11,"href":"https:\/\/www.funkraupe-stubai.at\/index.php?rest_route=\/wp\/v2\/pages\/20\/revisions"}],"predecessor-version":[{"id":107,"href":"https:\/\/www.funkraupe-stubai.at\/index.php?rest_route=\/wp\/v2\/pages\/20\/revisions\/107"}],"wp:attachment":[{"href":"https:\/\/www.funkraupe-stubai.at\/index.php?rest_route=%2Fwp%2Fv2%2Fmedia&parent=20"}],"curies":[{"name":"wp","href":"https:\/\/api.w.org\/{rel}","templated":true}]}}